3/3 + 4*r**2 + 9*r - 24. Give a(9).
0
Let y(j) = 9*j - 1. Let b(q) = 8*q - 1. Suppose 0 = 4*k - 0*k + 20. Let v(p) = k*b(p) + 4*y(p). What is v(-1)?
5
Let d(m) = m**3 - 3*m**2 - 5*m + 3. Let v be (4 - 5)/((-2)/6). Let a = 4 - v. Let w be -1 + a - (-5 - -1). Determine d(w).
-1
Let i be ((-264)/(-32) - 8) + 11/4. Let d(h) be the second derivative of -3*h**2 - 1/20*h**5 - 5/12*h**4 - i*h - 1/2*h**3 + 0. Calculate d(-5).
9
Let v(p) be the third derivative of -p**5/60 - p**4/24 + p**3/2 + 2*p**2. Calculate v(0).
3
Suppose 8*q - 46 = -6. Let r(d) = -d**2 + 3*d + 3. What is r(q)?
-7
Let u(p) be the first derivative of -11*p**4/4 - 2*p**3/3 + p - 1. Suppose 4*v = 3*m - 11, -5*v + 2*m = -4*v + 9. Determine u(v).
-12
Let r(c) = -c**3 + 5*c**2 - 5*c + 2. Let k = 1 - -4. Let a(j) = -2*j + 9. Let l(q) = 4*q - 18. Let b(n) = k*a(n) + 3*l(n). Let h be b(6). Give r(h).
5
Suppose -3*a - 2*a = 0. Suppose 5*m + o - 2*o - 12 = a, 4*o = m + 9. Let q(g) = g**3 - 3*g**2 + 4. Calculate q(m).
4
Let r(m) = 3*m - 5. Let p(y) = y. Let x(f) = -2*p(f) + r(f). Suppose -u + 2 = b, 10 = b - 0*u - u. Let n = b - 2. Determine x(n).
-1
Let v(q) = 6*q**2 + 5*q + 7. Let c(r) = -3*r**2 - 3*r - 4. Let x(t) = 7*c(t) + 4*v(t). Let p be 1/2 + 6/(-4). Calculate x(p).
4
Suppose -m = 2*m - 6. Let t(j) = -2*j**3 + 3*j**2 + j - 2. Calculate t(m).
-4
Suppose 2*q - 3*p = -7 + 20, 2*q - 2*p - 10 = 0. Let y(g) = g**2 + 3*g - 3. Give y(q).
7
Suppose 2*s = -5*h + 3*h - 2, -4*h - 18 = -3*s. Let w(q) = -4*q + 1. What is w(h)?
13
Let z(i) = i**3 + 4*i**2 - 4*i + 1. Let s be 18/(-42) - 174/(-14). Let n(t) = 2*t - 28. Let y be n(s). Calculate z(y).
17
Let p(s) = -5*s**3 + 2*s**2 - 2*s + 1. Let v be p(1). Let q(b) = -b**2 - 6*b - 4. Determine q(v).
4
Let b(m) = -5*m**2 - 11*m - 3 + 8*m + 0*m**3 - m**3. Give b(-2).
-9
Let x(y) be the second derivative of -y**4/12 + y**3/6 + 46*y. Give x(3).
-6
Let a(c) = -5*c - 9. Let f(d) = d + 1. Let x(k) = a(k) + 6*f(k). What is x(4)?
1
Let w(a) = 4 - 10*a + 7 - 12*a + 23*a. What is w(-12)?
-1
Let g(k) = 5*k - 4*k + 0*k - 2. Suppose -2*r - x - 10 = 0, -5*x - 12 + 2 = 0. Let y(p) = -p - 6. Let o be y(r). Determine g(o).
-4
Suppose j + 18 = -4*c, -4*j + 4*c + c + 33 = 0. Let u(o) = -3 + o + 2*o + o**2 + 0*o**2. What is u(j)?
7
Let o(d) = -4*d**2 + 8*d - 2. Let t(j) = j**2 - j - 1. Suppose 0*i + 51 = 3*i. Let u = 12 - i. Let l(y) = u*t(y) - o(y). Determine l(-5).
-3
Let p(f) = f**3 - 7*f**2 - 9*f + 12. Let q = -58 - -66. What is p(q)?
4
Suppose -f + 5*n + 5 = -6*f, -f = -2*n + 13. Let a = 2 - 1. Let i(t) = t - 1. Let y(d) = 6*d - 8. Let h(g) = a*y(g) + f*i(g). Give h(-4).
-7
Let k(j) = -5*j + 5*j + 2 - j. Suppose -3*u + 6*m = 3*m + 12, -22 = 2*u + 5*m. Give k(u).
8
Suppose 0 = -3*c + 4*c - 4. Let d(f) = c*f**2 - 5*f**2 - 2 + 0*f**2 + 5*f + 2*f**2. Calculate d(-4).
-6
Let c(x) = 16*x - 1. Suppose 4*y + 5*h + 7 + 2 = 0, -y + h = 0. Calculate c(y).
-17
Let z(m) = -m**3 + 7*m**2 - 5*m - 4. Let n be z(6). Suppose 3*o - 23 = -5*c, 2*o + 7*c = n*c + 17. Let d(v) = v + 0*v - 10 + 0*v. Determine d(o).
-4
Let n(h) = 6*h + 1. Let p(o) = -2*o. Let s(v) = -3*n(v) - 8*p(v). Calculate s(-6).
9
Let v(f) = f**2 - 10*f + 12. Let b be v(9). Let q be (-3)/(b/(-2)) - 0. Let u(x) be the first derivative of -x**3/3 + x**2 - 2*x + 1. Determine u(q).
-2
Let f be (1 - -1) + 6 + -6. Let o(t) = -f*t - 8 + 1 + 3*t. Calculate o(3).
-4
Let s(d) = d**3 + 4*d**2 + 4*d. Suppose -15 = -9*v + 14*v. Calculate s(v).
-3
Let l(u) be the second derivative of -u**4/12 - u**3/3 + u. Give l(-2).
0
Let w = 74 - 68. Let m(g) = -g**2 + 7*g + 1. What is m(w)?
7
Suppose -3*v + 8*v = 4*t + 23, -3*t - 12 = -2*v. Let a(q) = -2*q**2 - 3*q - 1. Let j be a(t). Let w(g) = g + 4*g - 6*g - 4. Give w(j).
-1
Let b(j) be the second derivative of -j**4/12 + 2*j**3/3 + j**2 - 2*j - 1. Let z = 1 - -5. Calculate b(z).
-10
Let q be 1*(3 - 12)*-1. Let c(z) = -9*z**2 + 2*z - q*z + 10*z**2 + 3. Suppose 2 = f - 3. Calculate c(f).
-7
Let y = 34 - 18. Suppose 2*u = -2*u - y. Let l(a) = -a**2 - 4*a + 3. Give l(u).
3
Let w(u) = u**3 + 2*u + 3. Suppose 0 = x + 4*x. Suppose -2*d = -5*n, -4*n = -5*d - x*d - 17. Let m(s) = -s - 4. Let r be m(n). Determine w(r).
-9
Let j(f) be the first derivative of -11*f - 3 + 0*f**2 - 1/3*f**3. Give j(0).
-11
Suppose -3*v + 8 = p, -3*p - p + 5*v = 36. Let o(i) be the third derivative of -i**6/120 - i**5/20 + i**4/8 + 2*i**3/3 + 2*i**2. Give o(p).
8
Let l(i) = 8*i. Let c(q) = q. Suppose y + 10 + 10 = 0. Let t be ((-66)/(-15))/(2/y). Let u(j) = t*c(j) + 6*l(j). Determine u(-1).
-4
Let d(t) = 0*t + 4*t + 4*t + 4*t. What is d(-2)?
-24
Let j(r) = -r**3 - 17*r**2 - r - 23. Let d be j(-17). Let y(o) = o**3 + 7*o**2 + 8*o + 6. Determine y(d).
-6
Let k(c) = c**3 + 4*c**2 + c + 7. Let b be k(-4). Let m be (1 - -3) + -1 + 0. Let i(p) = -p + 0*p**3 - p**m + 0*p**3 + 3*p**2 - 1. Determine i(b).
-4
Let c(x) = 3*x + 8. Let z be c(-4). Let s(o) = -7*o**3 - 6*o**2 - 11*o + 4. Let j(m) = -20*m**3 - 18*m**2 - 32*m + 12. Let y(r) = 6*j(r) - 17*s(r). Give y(z).
-8
Let w(g) = g**2 + 2*g - 2. Let v be 0*-4*1/(-4). Suppose c - 2*c + 3 = v. Calculate w(c).
13
Let n(w) = -44*w + 6*w**2 - 8 + 37*w + 0*w**3 + w**3. Give n(-7).
-8
Let b(l) = -10*l**3 + 6*l**2 - 4*l + 6. Let v(p) = 10*p**3 - 7*p**2 + 5*p - 7. Let c(y) = 6*b(y) + 5*v(y). Determine c(-1).
11
Suppose 0 = 2*a + p - 6*p - 9, 0 = a + 4*p + 2. Let n(t) = -2*t**a - t**2 + 2*t**2. Suppose 0 = -3*f - 3*d - 24, -5*f - 4*d = 35 - 0. Calculate n(f).
-9
Suppose 2*y - m = 0, 4*y + 2*m = -0*y. Let s be y + 0 + -1 + 1. Let t(u) be the second derivative of -u**4/12 + u**3/6 + 3*u**2/2 + 2*u. What is t(s)?
3
Suppose 2 = -3*c + 4*j, 3*c + 2*j - 5*j = 0. Let l(t) = -2*t**3 + t + 5 + 3*t**c - 2*t**2 + 3*t**3. Determine l(0).
5
Suppose 6*t = -5*w + 2*t, 5*w - 5*t + 45 = 0. Let d = -11 + 16. Let f(s) = 0 + d*s + 4*s**2 + 3 + s**3 + s**2. Give f(w).
-1
Let a(q) = -q**3 + 2*q + 1. Let d be a(2). Let z(j) = 5*j**3 + j**2 - 6*j**3 - 4*j - 5*j**2. Give z(d).
3
Let u(g) = 16*g - 11. Let h(y) = 3*y - 2. Let n(k) = -11*h(k) + 2*u(k). Give n(-3).
3
Let j(i) be the second derivative of i**4/4 + i**2/2 + 5*i. Let n(v) = 2*v**2 - v + 2. Suppose 4*s - 2*s - 6 = 0. Let z(d) = s*j(d) - 4*n(d). Calculate z(-4).
-5
Let a be -3 + 1 + -1 + 7. Suppose -a*x - 1 = 3. Let c(b) = 2*b - 2*b - b. Determine c(x).
1
Suppose -5*o + 3*q = -15, 5*q + 15 = 2*o + 3*o. Let m = -2 + o. Let u(p) be the first derivative of -p**3/3 + p - 4. What is u(m)?
0
Let w(u) be the first derivative of -u**2/2 - 7*u - 32. Determine w(-8).
1
Let f(h) = -2*h**2 + h - 1. Let d(o) = o - 4. Let p be d(7). Let v = -3 + p. Let t(x) = -x**2 + x + 1. Let z be t(v). Determine f(z).
-2
Let c(t) = -t**2 + 3*t - 5. Let s = 83 + -53. Suppose 0 = 3*o + 2*o - s. Suppose 5*k = 14 + o. What is c(k)?
-9
Let j(q) be the first derivative of q**5/120 + q**4/4 + 2*q**3 + 3. Let g(z) be the third derivative of j(z). What is g(-3)?
3
Let z = -3 + 2. Let y(a) = -2*a**3 + a**2 + 2*a + 1. Calculate y(z).
2
Let j(z) be the second derivative of -z**3/6 + z**2 + 2*z. Suppose 2 + 5 = -y. Let f = y - -10. Calculate j(f).
-1
Let t be (0 - -3 - 3) + 7. Let x(v) = -v**3 + 6*v**2 + 6*v + 8. Calculate x(t).
1
Let j = -71 - -77. Let c(g) = g**3 - 5*g**2 - 4*g - 4. Determine c(j).
8
Suppose -l + 12 = 3*l. Let u(w) = -1 + 1 - 2*w + l. Let m be ((-8 - (-4)/1) + 3)*-2. Give u(m).
-1
Let s(v) = 1. Let j(w) = w**2 + 7*w + 2. Let g = 4 + -8. Let t(x) = g*s(x) + j(x). Give t(-6).
-8
Let m be ((-138)/(-161))/(-1 + 22/14). Let a(f) be the first derivative of 1 + f - 1/4*f**4 + m*f**2 + f**3. Determine a(3).
10
Let h(l) be the third derivative of -5*l**4/24 - l**3/6 - l**2. Let x = 4 + -3. What is h(x)?
-6
Let p(r) = r**3 - 5*r**2. Let c be (-2 + 4)*25/10. What is p(c)?
0
Let g = -7 - -9. Let q(a) = 6*a - 6*a - 1 - g*a. What is q(-6)?
11
Let g(k) = -k**2 + 3*k + 3. Let q be ((-110)/33)/(2/(-3)). Suppose -57 = -4*s - 21. Suppose q*m - 2*m = s. Determine g(m).
3
Let z(s) = -5*s**3 - 8 - 5*s - 4*s**3 + 10*s**3 - 5*s**2. Give z(6).
-2
Let v = -5 - -8. Suppose -2*q = -n + 3, v*n - 6*n + 5*q + 9 = 0. Let z(c) = -3*c**2 + 4*c**2 - 4*c + 0 + 2. Give z(n).
-1
Let w(m) = 6*m + 10. Let n(g) = 2*g - 9. Let h be n(7). Let b(k) = -9*k - 15. Let x(i) = h*b(i) + 8*w(i). Determine x(-4).
-7
Let d(g) = g + 